**3 + z**2 + z + 971. What is the tens digit of r(0)?
7
Suppose -6*x - x = 7. What is the tens digit of -5 + (-20 - 5)/x?
2
Suppose 27*x = 34*x - 3346. What is the units digit of x?
8
Suppose 1 = -5*a - 0*a + 4*p, 29 = 3*a + 5*p. Suppose -3*m - a*m = -330. What is the units digit of m?
5
Let o(n) = n**3 - 3*n**2 + 4*n - 2. Let w be o(2). Suppose 0 = w*a - 0 - 122. What is the tens digit of a?
6
Let q be -8*95/10 + -4. Let p = -14 - q. What is the units digit of p?
6
Let i(b) = 66*b + 2. Let s be i(1). Let y be s/4 + 2 + 0. Suppose -8*p + 9*p - y = 0. What is the tens digit of p?
1
Let u(w) = w**2 + 4*w. Let i be u(-6). Let p = -252 + 162. What is the tens digit of (-16)/6*p/i?
2
Let s = -226 + 1067. What is the units digit of s?
1
Let a = 28 + -23. Suppose 28 = a*t - 12. What is the units digit of t?
8
Suppose 0 = 5*o - 15, -16*o = -5*v - 18*o + 3101. What is the units digit of v?
9
Let p(r) = 253*r + 9. Let j be p(2). Suppose -5*x - j = -3*c - 6, -4*c + x = -707. What is the tens digit of c?
7
Let a = -305 - -583. What is the tens digit of a?
7
Suppose 0 = -y + d + 492, 5*y - 2*d - 401 - 2071 = 0. What is the units digit of y?
6
Suppose -4*p = 4*t - 224, 200 = 2*p + p - 5*t. Let k = p + -3. Let f = k + -38. What is the tens digit of f?
1
Let y(a) = -4*a - 2. Let f be y(1). Let g(v) = -v**2 - 13*v + 4. What is the units digit of g(f)?
6
Let s be 1/(-5) - (-46)/5. Suppose y = s*y - 440. What is the units digit of y?
5
Let b = -3 + 7. Suppose -3*l - 2*n = -5*l, b*l + 2*n - 12 = 0. Suppose -l*f = -8, f = -4*j + 2*f. What is the units digit of j?
1
Let n(o) = -o**3 - 4*o**2 - 2*o + 2. Let z be n(-2). Let h(g) = g**2 - g - 4. Let w be h(z). What is the units digit of 53 - 3/w*-2?
6
Let s be (0 - -1)/((-4)/(-20)). Suppose -4*o + s*a - 27 = 2*a, 3*o - 3*a = -24. Let t = 3 - o. What is the units digit of t?
6
Let i(l) = -l - 2. Let w be i(-7). Suppose 0 = -h + 3*h - 4*j - 2, -w*h + 31 = 3*j. Let s = 0 + h. What is the units digit of s?
5
Let t(r) be the first derivative of r**4/2 + r**3/3 - r**2/2 + r + 2. Suppose -d + 5 = 4*d. What is the units digit of t(d)?
3
Let k(c) = -c**2 - c + 2. Let r be k(1). Suppose 0*b - 5*b + 15 = r. Suppose 3*s = -q + 66, -s - b*s + 2*q = -88. What is the units digit of s?
2
Suppose 108 = x - 302. What is the tens digit of x?
1
Let l be (-2 - -1)*15/(-3). Let w(d) = -8*d - 9 + 6 - d**3 + 7*d**2 + 3*d. What is the tens digit of w(l)?
2
Let t be 3 + 2*-2*(-2)/8. Suppose -3*c = -t*a + 568, 3*a + c - 426 = 5*c. What is the units digit of a?
2
Let n(c) = 62*c + 95. What is the tens digit of n(18)?
1
Let z(x) = 17*x**2 + 4*x + 1. Let v be z(-1). Let f = v + -12. Suppose 2*t - f*w = 36 + 76, -5*w = -3*t + 160. What is the units digit of t?
0
Suppose 596*m - 599*m + 5301 = 0. What is the units digit of m?
7
Let u(g) = 125*g - 196. What is the units digit of u(13)?
9
Let b = -10 + 13. Suppose 0 = 2*x + b*x + 3*h - 1390, 3*x + h - 830 = 0. Suppose 0 = 6*m - 11*m + x. What is the tens digit of m?
5
Let k be ((-10)/3)/((-2)/(-27)). Let i(r) = 2*r - 8. Let s be i(-9). Let t = s - k. What is the units digit of t?
9
Let b = -2366 - -3828. What is the thousands digit of b?
1
Let w(r) = -1450*r**3 - r**2 - 9*r - 8. What is the tens digit of w(-1)?
5
Let a = 947 - -2242. What is the units digit of a?
9
Suppose -1697 = 6*g - 11495. What is the thousands digit of g?
1
Let c = -2 - -6. Suppose c*x = 3*k - 167, 2*k + 0*x = x + 103. What is the tens digit of k?
4
Suppose t = 5*o + 16, 3*t = -3*o + 8 - 32. What is the tens digit of (-100)/(-5) + 1 + o?
1
Suppose 9*w + 5*n = 5*w + 2816, 4*w + n = 2816. What is the tens digit of w?
0
Suppose -3 + 11 = r. Let w = -9 + 4. Let s = r + w. What is the units digit of s?
3
Let i be ((-7)/5)/((-1)/5). Let n = -3 + i. Suppose -n*z + 48 = -12. What is the tens digit of z?
1
Suppose -11*o = -1739 - 6159. What is the tens digit of o?
1
Let f be (-961)/(-4) - (3 + 55/(-20)). Let k = -139 + f. What is the tens digit of k?
0
Suppose 124 = 2*o + 5*i, 4*i - i + 6 = 0. Let y = o + -15. Suppose 5*d + 16 = 2*j + d, -4*d - y = -4*j. What is the units digit of j?
8
Let w(b) = 3*b**3 + 0*b - 1 + 4*b**2 - 5*b + 4 - 2*b**3. Suppose -2*i - 25 = 3*i. What is the units digit of w(i)?
3
Let u be (-9)/(-15) + 12/30. Suppose c - f = -8, c + 3*f + u = -c. What is the units digit of (-4)/10 - 42/c?
8
Let r = -163 + 321. Suppose -5*c + r = 28. What is the units digit of c?
6
Let z = -20 + 30. Let j(f) = 5*f - 19. What is the units digit of j(z)?
1
What is the hundreds digit of 1/((-10355)/1295 + 8)?
2
Suppose 4*u - 53 = 5*t, 4*t = 2*u + 12 - 34. Let m = 15 - u. What is the units digit of m/(-9) + 696/27?
6
Let f be 1 + -3 + (-28)/2. What is the units digit of -12*f/(-6)*-3?
6
Let c(s) = 31*s**2 - 4*s - 58. What is the thousands digit of c(-6)?
1
Let d = -237 - -684. What is the tens digit of d?
4
Let n be 18/(-45) - (-12)/5. Suppose -n*z - 6 = -4*z. What is the units digit of z?
3
What is the thousands digit of 4097 + (-9)/9*2?
4
Suppose 99 = -2*j + 99. Suppose -2*y + y + 70 = j. What is the tens digit of y?
7
Let q be (-10)/(-2)*(-1596)/(-190). Suppose -9*g = -4*g + 40. Let m = q + g. What is the tens digit of m?
3
Let r(t) = 4*t**2 - 8*t + 10. Let g(c) = -c**3 + 5*c**2 - 5*c + 2. Let s be g(4). Let h be s/4 - 126/(-28). What is the tens digit of r(h)?
4
Let l(w) be the second derivative of -17*w**6/720 - w**5/20 - w**4 - 6*w. Let f(a) be the third derivative of l(a). What is the tens digit of f(-3)?
4
Suppose 7*g - 772 = 5*g. Let l = g - 263. What is the hundreds digit of l?
1
Let v = 837 - -1137. What is the units digit of v?
4
Suppose 3*q = 8*q - 25. Suppose q*f + r = 211, f - 3*r - 70 = -31. What is the tens digit of f?
4
Let u(m) = 3*m**2 + 6*m - 57. What is the thousands digit of u(-20)?
1
Suppose -5*z - 1429 + 6324 = 0. What is the units digit of z?
9
Suppose -5181 = -5*c + 2*h, 2*c - 1432 = 3*h + 647. What is the hundreds digit of c?
0
Let q be (3/(-6))/((-2)/8). Suppose q*f + 6*g - g - 43 = 0, -4*f + 4*g + 156 = 0. Suppose -f = -4*t - 5*d + 101, 4*d - 42 = -t. What is the units digit of t?
0
Let u = -291 - -150. Let n = u - -299. What is the hundreds digit of n?
1
Let n be 0 - (2 + -1 + -11). Suppose 0 = n*g - 6*g - 12. Suppose 4*d - 82 = -0*d + 2*s, -8 = -d + g*s. What is the units digit of d?
3
Let d(c) = c**3 + 3*c**2 - 5*c - 1. Let l be d(-4). Let i(o) = -l*o + 32*o**2 + 6*o - 2*o. What is the tens digit of i(-1)?
3
Let z(b) = b**2 + 25*b - 440. What is the units digit of z(-38)?
4
Suppose 2262 = 3*v - 3*m, 3*v = -2*v - 3*m + 3746. What is the hundreds digit of v?
7
Suppose -10*f + 68 = -6*f. Let j = f - -1. Suppose t + 2*p - 37 = 0, 47 + j = 2*t - 5*p. What is the units digit of t?
5
Suppose -48 - 52 = -c. What is the units digit of c?
0
Let q be -3*(-3 - -1) - -2. Suppose 3*n + 145 = q*n. What is the tens digit of n - (3 + 1)/2?
2
Let l = 5 + 7. Suppose -5*f - l = 5*n - 2, -8 = -3*n + 4*f. Suppose 4*t + 3*i - 12 = 0, 5*t - 4*i - 15 + 0 = n. What is the units digit of t?
3
Suppose 8*t = 23*t + 405. Let g(y) = y**2 - 2*y + 7. Let x be g(-6). Let f = x + t. What is the tens digit of f?
2
Let b be (-165)/75 + 4/(-5). Let p(z) = 2*z**2 + 5*z + 2. Let q be p(b). Suppose -2*c + 7 = 2*m - 57, 0 = 4*m + q*c - 129. What is the units digit of m?
1
Suppose -3*u = -5*u - 64. Let h(s) = 59*s**2 - 7*s - 6. Let m be h(-1). Let z = u + m. What is the units digit of z?
8
Let o = 4 - -20. Let l = 50 + o. What is the tens digit of l?
7
Let l = 5220 - 812. What is the units digit of l?
8
Let z = -3 + 2. What is the tens digit of z - -40 - (11 - 12)?
4
What is the units digit of 8/((-88)/(-25795)) + 11?
6
Suppose 12*f + 45 = 7*f. Let q = 17 - f. What is the tens digit of q?
2
Let d = 2770 - 343. What is the hundreds digit of d?
4
Suppose -v - 7018 = -12*v. What is the units digit of v?
8
Let n be ((-1)/(-6))/((-9)/(-54)). Suppose 3*x + 141 = 2*a, -x + 2 - n = 0. Suppose -3*s + 0*s - 33 = -3*c, 3*s = -4*c + a. What is the tens digit of c?
1
Let a = 635 + 563. What is the hundreds digit of a?
1
Suppose -5*y = -223 - 542. Suppose 9*r = 12*r - y. Suppose 131 - r = 4*i. What is the tens digit of i?
2
Suppose -3*u + 123 = z - 22, z + 5 = 0. Suppose 0 = 54*g - 43*g + 187. Let x = u + g. What is the tens digit of x?
3
Let s(h) = -h**3 + 8